pose -5*a + 205 = 3*f, -7 = -2*a + 5*f + 106. What is the remainder when a is divided by ((-15)/2)/((-1)/2)?
14
Let n be ((-66)/(-1))/(9/6). Suppose 3*c = c + n. Suppose -4*q - c = -62. Calculate the remainder when 29 is divided by q.
9
Suppose 2*v = 5*x + 1 - 6, -x = -4*v + 17. What is the remainder when 9 is divided by v?
4
Suppose -3*n + 8*n - 15 = 0. Suppose -4*r + 1 + n = 0. What is the remainder when 1 is divided by r?
0
Suppose 0 = -0*q - 2*q + 5*k + 9, 2 = -2*k. Let p(u) = -u + 1. Let m be p(1). Suppose g - 2 + 0 = m. Calculate the remainder when q is divided by g.
0
Suppose 12*v = -3*v + 780. What is the remainder when v is divided by 18?
16
Suppose 23 = 2*z + 3*q, z + 4*q = -7 + 26. Suppose 4*v + 21 = 3*h, 4*v - 6*v + 21 = 3*h. Suppose -4*u + 5 = -h. Calculate the remainder when z is divided by u.
1
Suppose 4*k - 57 = 359. Calculate the remainder when (4 - 2)*26 - 1 is divided by k/6 + 8/12.
15
Suppose -3*j + 5*v - 59 = -4*j, -4*j - 4*v + 252 = 0. Calculate the remainder when j is divided by 23.
18
Let b(p) = -p**3 + 5*p**2 + 6*p + 5. Let f be b(6). Suppose -i + f*i + 5*c = 119, -4*c - 35 = -i. Calculate the remainder when i is divided by 17.
14
Let h(m) = m**2 + 4*m - 6. Let v be h(-6). Calculate the remainder when 34/6 + 2/v is divided by 4.
2
Let k(l) = -3*l**2 + 2*l - 1. Let u be k(1). What is the remainder when 57 is divided by ((-45)/(-6))/(u/(-4))?
12
Let d(p) = 3*p. Let g = -24 - -26. Calculate the remainder when d(1) is divided by g.
1
What is the remainder when 252/15 + (-3)/(-15) is divided by 5?
2
Suppose 6*u - u - 355 = 0. What is the remainder when u is divided by (-6)/(-9) - (-210)/9?
23
Let j(l) = -l**2 - 5*l - 4. Let s be j(-5). Suppose -4*q - 2*n + 62 = 0, -2*q - n = -3*n - 34. Let t = q + s. Calculate the remainder when 21 is divided by t.
9
Suppose -14*c + 36 = -10*c. Calculate the remainder when 35 is divided by c.
8
Let b(c) = -2*c - 2. Calculate the remainder when 44 is divided by b(-9).
12
What is the remainder when -1*(-1 - -2) - -31 is divided by 2/(-1)*(2 + -6)?
6
Let s be (0/(-1) - -4)*1. Let i(v) = v + 1. What is the remainder when 9 is divided by i(s)?
4
Let b = 9 - -12. Calculate the remainder when 39 is divided by b.
18
Suppose 0 = 3*n - 11 - 7. Let f = n - -7. What is the remainder when 38 is divided by f?
12
Let d = -5 - -10. Suppose 0 = 5*r - 10*r - d. Let p = 7 - r. Calculate the remainder when 15 is divided by p.
7
Let u = 25 + -5. Let s = -5 - -8. Let p = 55 + s. What is the remainder when p is divided by u?
18
Suppose -2*t + 8 = 3*j, 5*j = -6*t + t + 10. Calculate the remainder when 17 is divided by j.
1
Suppose 0 = 4*y - 154 - 318. What is the remainder when y is divided by 30?
28
What is the remainder when 43 is divided by 0 + 20 - (-6)/15*5?
21
Suppose 9*s = 24 + 12. Calculate the remainder when 12 is divided by s.
0
Suppose -5*i + 351 = 5*t + 106, 4*i - 43 = -t. Calculate the remainder when t is divided by 26.
25
Let c(i) = i**3 - 2*i**2. Let o be c(2). Suppose 33 = y - o*j + 4*j, y - 21 = -j. Calculate the remainder when y is divided by 5.
2
Let u(w) = -w**3 + 9*w**2 - 2*w - 27. What is the remainder when 29 is divided by u(8)?
8
Let r be -1 - 0 - (-9 - -3). Suppose 0 = -r*m - 30 + 205. What is the remainder when m is divided by 12?
11
Let s(w) = w**2 + w + 9. Let k be s(-4). Suppose -k + 2 = -y. What is the remainder when 35 is divided by y?
16
Let x be ((-12)/10)/((-3)/(-45)). Let k = -2 - x. What is the remainder when 62 is divided by k?
14
Let r(j) = 2*j**2 + 3*j - 7. Let h be r(6). Suppose 0 = -z + h + 73. Calculate the remainder when ((-4)/(-6))/(8/z) is divided by 7.
6
Let c be 2/(-6)*-3*2. Let g(k) = 0*k**2 + 6 - 2*k**2 + 3*k**c. Calculate the remainder when g(5) is divided by 11.
9
Suppose -8 + 0 = -2*w. Let f be 2 + -5 + (-5)/(-1). Suppose 5*j - f*j = 21. What is the remainder when j is divided by w?
3
Suppose 5*z - 36 = -2*m - 2, -51 = -3*m + 2*z. Suppose -2*a + 12 = a. Suppose 22 = 2*s + a. Calculate the remainder when m is divided by s.
8
What is the remainder when 6/(-12)*(0 + -104) is divided by 9?
7
Suppose -36 = -4*r - 0. Calculate the remainder when 1*-10*(-1 + (-15)/10) is divided by r.
7
Suppose 2*o - c - 30 = 0, o + 4*o - 4*c = 75. Calculate the remainder when 88 is divided by o.
13
Suppose 50 - 17 = o. Calculate the remainder when o is divided by 17.
16
Let i be -2*(2 - 7/2). Suppose i*r + r = -280. Calculate the remainder when r/(-6) - (-2)/(-3) is divided by 6.
5
Suppose -4*o + 112 + 236 = 0. Suppose -n = -4*n + o. Calculate the remainder when n is divided by 16.
13
What is the remainder when -21*(0 - 15/9) is divided by 24/10*(-45)/(-6)?
17
Suppose 4*n = 20, 2*v = n + 4*n - 5. Let w = -38 + 18. What is the remainder when v is divided by (-4)/(-6) + w/(-6)?
2
Let q(b) = -b**2 + 11*b - 2. Let x be q(10). Let y = x - 7. Suppose 0*l + l - 2 = 0. Calculate the remainder when l is divided by y.
0
Suppose -v + 3 = -14. Suppose 5*a = 5 + 25. Calculate the remainder when v is divided by a.
5
Calculate the remainder when (-2)/6*(-299 + -19) is divided by 27.
25
Let l be 146/9 - 8/36. Suppose j + 6 = 3*u - 0*u, 2*j - l = -u. Suppose -q + j*q = 15. What is the remainder when q is divided by 2?
1
Let h = 120 + -73. What is the remainder when h is divided by 17?
13
Suppose 5*a = -z + 4*z + 42, 2*z + 20 = 2*a. Suppose a*x = 2*x + 8. Suppose -u - 43 = -x*u. Calculate the remainder when u is divided by 15.
13
Suppose -y + 295 = 5*j, 2*y - 290 = -5*j - 0*y. Calculate the remainder when j is divided by 21.
18
Suppose 5*w = 3*o + 75, -2*w - o = 3*w - 55. Calculate the remainder when 42 is divided by w.
6
Let w = -6 - -9. Suppose 7*u = w*u + 8. Let t = 7 + -4. What is the remainder when t is divided by u?
1
Let l(g) be the second derivative of -g**4/12 - 5*g**3/6 + g**2 - g. Let n = -19 + 16. What is the remainder when 30 is divided by l(n)?
6
Let o = 6 - 4. Suppose x + 56 = 4*u, 28 = o*u - 3*x + 4*x. What is the remainder when 52 is divided by u?
10
Let t(s) = -2*s - 7. Let i be t(-8). Let o = -64 - -38. What is the remainder when 24 is divided by (1 + i/(-6))*o?
11
Let t(f) = -6*f - 28. What is the remainder when t(-13) is divided by 33?
17
Let r(c) = 2*c**2 - 9*c + 15. What is the remainder when 56 is divided by r(5)?
16
Suppose 0 = 3*x - 9 - 0. What is the remainder when x is divided by 1?
0
Suppose -176 = -5*n + 9*n. Let w = 13 - n. Calculate the remainder when w is divided by 15.
12
Let y(m) = m**3 - 4*m**2 - 5*m - 7. Calculate the remainder when 103 is divided by y(6).
33
Let o(v) = v**2 + 9*v - 2. Calculate the remainder when o(-10) is divided by ((-8)/6)/(2/(-3)).
0
Let u(g) = g**3 + 11*g**2 + 21*g + 9. What is the remainder when u(-8) is divided by 18?
15
Suppose -2*r = 3*r - 55. Let a = 5 - 3. Suppose -4*w = -5*g - 94, 0 = a*w + g + g - 38. What is the remainder when w is divided by r?
10
Let g(z) = 4*z**2 - 9*z + 10. Let v(p) = 4*p**2 - 8*p + 9. Let b(l) = -5*g(l) + 6*v(l). Calculate the remainder when b(3) is divided by 8.
7
Let x be -4*5*3/(-12). Suppose -x*a + 92 = -23. Let r = a + 21. What is the remainder when r is divided by 15?
14
Let t = 7 + -5. Let x(a) = a - 1. Let w(k) = -k**2 + 12*k - 6. Let i(c) = w(c) + 3*x(c). Calculate the remainder when i(14) is divided by t.
1
Let p = -9 + 20. Let k(r) = 4*r + 4. Calculate the remainder when k(4) is divided by p.
9
Suppose 2*m = -3*b + b + 36, 4*m - 97 = b. What is the remainder when m is divided by 5?
3
Let o = 31 - -23. What is the remainder when o is divided by (-8 - -15) + -16 + 28?
16
Suppose 7*o - o = 12. Calculate the remainder when 50 is divided by 25/2 + 1/o.
11
Suppose -5*k + t - 2*t + 21 = 0, 0 = -2*k - t + 6. What is the remainder when k is divided by 5?
0
What is the remainder when 61 is divided by (-234)/12*6/(-9)?
9
Suppose 0 = 18*u - 300 - 276. Calculate the remainder when 63 is divided by u.
31
Suppose -2*r + 15 = -a - r, 0 = 5*a + 3*r + 99. Let t = a + 29. Calculate the remainder when 19 is divided by t.
8
Suppose -70 = 2*k + 3*k. Calculate the remainder when (-3 - -11)*(4 + 0) is divided by -2 - (k - (-1 - 0)).
10
Suppose -4*g + 0 - 4 = 0. Let w = 7 + g. Calculate the remainder when w is divided by 3.
0
Let d be (2 + 0)*(-2)/(-2). Suppose 0*f + 48 = d*f. What is the remainder when 71 is divided by f?